 a.
2
Suppose 24751 = 3*l + 5*w, w - 6141 = -3*l + 18638. Calculate the highest common divisor of 27 and l.
27
Let i(v) be the first derivative of v**3/3 - 35*v**2/2 - 222*v - 94. Let f be i(41). Calculate the greatest common divisor of f and 72.
24
Let x = 18641 + -18563. What is the greatest common divisor of x and 7241?
13
Let t be ((-21)/9)/(((-117)/135)/13). Let u be (-7)/(2/4*-2). What is the highest common divisor of t and u?
7
Let l(f) = 3*f**3 + 122*f**2 - 41*f + 6. Let m be l(-41). Calculate the greatest common factor of 750 and m.
6
Let p = 182381 + -182177. Suppose -2*i = -4*i + 72. Let s = i - 19. What is the greatest common divisor of p and s?
17
Suppose -2*z - 14 = 244. Let t = z + 130. Let w(m) = 2*m**2 + m. Let j be w(t). Calculate the greatest common factor of j and 42.
3
Suppose -y - 2 = -o, -133*y - 85 = -28*o - 134*y. Suppose -4*h + 4*d + 56 = 0, -h + 2*d + 64 = 4*h. What is the highest common factor of o and h?
3
Suppose -6 = -s - 2. Suppose 44 = s*w - 48. Let f(h) = h**3 - 31*h**2 + 93*h - 137. Let d be f(28). What is the highest common divisor of w and d?
23
Suppose -5*g = -2*k - 2882, 0 = -66*g + 62*g + 3*k + 2307. Suppose -2*d + 36 = 5*y, d + 2*y = y + 18. What is the greatest common factor of d and g?
18
Suppose 5*w - 66 = -3*z, 0 = 3*z - 2*w - 99 + 12. Let g be 126/399 + (-197472)/(-646). What is the greatest common factor of g and z?
9
Let y(m) = m**2 + m**3 - 6 + 7*m + 6*m**2 + 0 - 3*m**2. Let v be y(4). Suppose 5*h - 8*h + v = 0. Calculate the greatest common divisor of h and 10.
10
Let b = 1240 - 1237. Let j be ((-9)/(-12))/((-1)/(-4)). Let x be ((-8)/j)/(b*5/(-270)). What is the highest common factor of 16 and x?
16
Suppose -3*i + 319 = -152. Let k(z) = z + 28. Let c be k(-26). Let o be 1/c*(-66)/11 + i. What is the greatest common factor of 14 and o?
14
Suppose 22*f + 16*f = 38. Suppose -3*c = -5*q + 93, -2*q + 40 = -0*c - 4*c. Let z be 66/q + f/3. What is the highest common factor of z and 32?
4
Let o(s) = s**2 + 9*s + 17. Let n be o(-7). Let a be (-66)/((40/2)/(-10)). Calculate the greatest common divisor of n and a.
3
Let u(v) = -v**3 + 14*v**2 - 12*v + 17. Let g be u(13). Let h = 32 - g. Suppose -h*c + 9*c = 56. What is the greatest common factor of c and 20?
4
Let n(c) be the first derivative of 5*c**2 + 72*c - 87. Let j be n(-7). What is the greatest common divisor of 2 and j?
2
Suppose 5*w + 0*y - 4009 = y, 0 = 3*y + 12. Suppose -17*v - 206 = -w. What is the greatest common factor of 112 and v?
7
Suppose -31*o + 111720 = -17*o. Calculate the greatest common divisor of 140 and o.
140
Let x(r) = -6*r**3 - 8*r**2 - 5*r + 29. Let m be x(-4). Let c = 306 - m. What is the greatest common factor of 27 and c?
1
Let u be (-28)/7*93/(-12). Suppose h = -5*n + 43, -2*n + 89 = h + u. What is the highest common divisor of h and 17?
17
Let s be (-3095)/(-30) - (-65)/78. What is the highest common divisor of 2158 and s?
26
Let g = 2368 - 190. Calculate the greatest common factor of g and 693.
99
Let o = -3537 - -4824. Calculate the highest common divisor of o and 2860.
143
Suppose -58 = -2*b - 18. Let y(u) = -9*u**2 + 213*u + 7. Let f be y(b). What is the highest common divisor of f and 23?
23
Let u = -8 - 10. Let w be (u/12)/(3/(-12)). Calculate the highest common factor of w and 150.
6
Let s(y) = 8*y - 117. Let r be s(15). Let h be 512/16 + (3 - r). Calculate the greatest common factor of h and 288.
32
Let g = -31 - -37. Suppose -m = -g*m + 20. Let u be 46/m*(-12 + 14). Calculate the greatest common divisor of 115 and u.
23
Let w(y) = 2*y**2 - y - 3. Let r be w(3). Let d = 14378 - 14342. What is the highest common divisor of r and d?
12
Suppose 18*u + 2*u = 5*u + 2385. What is the highest common factor of 3 and u?
3
Let i = -242 + 238. Let n be (-142)/(-4) + 3*2/i. Calculate the greatest common factor of 782 and n.
34
Let j = 280 + 65. Let b(r) = -r**2 + 13*r - 21. Let o be b(9). Calculate the greatest common divisor of j and o.
15
Let n be (46*(-2)/14)/((-17)/119). What is the highest common divisor of 10304 and n?
46
Let l be 4404176/336 - -3*22/(-18). What is the highest common divisor of l and 42?
42
Suppose -4*q + 4*a + 5391 + 5217 = 0, 5*a + 26520 = 10*q. Calculate the greatest common factor of 26 and q.
26
Let h be 3/18*3*10. Let q be (-12)/(-15) + (-4)/h. Suppose 4*a - j + 6*j - 654 = q, 2*a - 326 = -2*j. Calculate the highest common divisor of 23 and a.
23
Let a(h) = -h**3 - 5*h**2 + 7*h - 14. Let s be a(-7). What is the greatest common divisor of 130 and s?
5
Suppose -m = 2*f - 444, 11*m - 1794 = 7*m + f. Calculate the greatest common factor of m and 28.
28
Let q(t) = t**2 - t + 5. Let w be q(3). Suppose 7*o - w*o = -208. Let k = 140 - o. What is the highest common divisor of 11 and k?
11
Suppose 2599 + 605 = 89*a. Let s = 1133 - 557. What is the greatest common factor of s and a?
36
Suppose h + 2*y = -10, -3*y = 4*h + h + 43. Let g be 898/8 - (-2)/h. What is the greatest common divisor of 7 and g?
7
Suppose 53*z + 799 = 6735. Suppose 4*h - 472 = 4*w, -462 + z = -3*h + 5*w. What is the greatest common factor of h and 18?
6
Suppose -3*k = -2*a + 207, 2*a - 63 - 109 = -4*k. What is the greatest common divisor of 7344 and a?
48
Let r = -10 - -16. Let y(o) = o**2 - 38*o + 221. Let l be y(31). Calculate the greatest common divisor of l and r.
2
Suppose -306*z - 1560 = -384*z. What is the greatest common factor of 904 and z?
4
Suppose 0 = 2*k - 6, 0 = 2*i - 0*i + k - 59. Let q be (-33)/(2 + 1 + -2). Let o = q + 54. What is the greatest common factor of o and i?
7
Let b = -98 - -124. Let p = 16 + b. What is the greatest common factor of 21 and p?
21
Let q = -10640 - -10886. What is the highest common factor of q and 18?
6
Suppose 5*g + 189 = -321. Let s = -97 - g. Suppose -s*k - 5*j + 170 = 0, 0*j = 2*k + 5*j - 53. What is the highest common factor of k and 52?
13
Let r = 508 + -268. Suppose -17*z = -23*z + r. What is the greatest common divisor of z and 5?
5
Let q(t) = 3*t**3 - 23*t**2 - 7*t + 58. Let a be q(8). What is the highest common divisor of 429 and a?
33
Let g = 12853 - 4528. What is the greatest common factor of 74 and g?
37
Let h(v) be the third derivative of -v**4/6 + 8*v**3 - 34*v**2. Let u be h(9). Calculate the greatest common divisor of 4 and u.
4
Let z(g) = 6*g - 5. Let d be z(17). Let q = -60 - -62. Suppose 4*m = -q*h + 182, 5*h = 5*m - 123 - d. What is the greatest common factor of 5 and m?
5
Let w be 12/8 + (3675/10)/15. Suppose 17*z = w*z - 864. Calculate the greatest common factor of z and 224.
32
Let u be (11 - (-133)/(-14))*2504. What is the greatest common factor of u and 24?
12
Let u(r) = 2352*r + 6156. Let c be u(7). What is the greatest common factor of c and 13?
13
Suppose -11*w - 231 = -0*w. Let g = 55 + w. Suppose 5*n - g = 146. What is the greatest common divisor of 12 and n?
12
Suppose 668*u = 12731 + 20669. Let j(w) = 5*w**2 + w - 1. Let o be j(-4). Calculate the greatest common factor of o and u.
25
Let s(a) = 329*a - 238. Let j be s(1). What is the greatest common divisor of 221 and j?
13
Suppose -2*c + 306 = 2*i, 2*i - 3*c = 157 + 159. What is the greatest common divisor of i and 10?
5
Let w(a) = 4*a**3 - 33*a**2 + 14*a + 160. Let k be w(8). Calculate the greatest common divisor of 2432 and k.
16
Suppose -n = -64 + 17. Let j = 150834 + -150082. Calculate the greatest common divisor of n and j.
47
Suppose 0 = 2*l - 4*l + 2, x + 1 = 3*l. Let v be (-4 - -2) + 32 - x/(-1). Suppose 3*o = 66 - 18. Calculate the greatest common divisor of v and o.
16
Let y be ((-1 - 0) + 221)*22/55. Let k = -49 + y. What is the highest common factor of 6 and k?
3
Let w(y) = -y**3 + 10*y**2 + 40*y - 87. Let k be w(12). What is the greatest common factor of 231 and k?
21
Let p = -1931 + 1945. Calculate the highest common factor of p and 287.
7
Let s = -826 + 1202. What is the highest common divisor of 8 and s?
8
Suppose 0 = -11*v + 14*v - 36. Suppose a - v = -4*o + 3*o, 3*o - 2*a - 46 = 0. Calculate the greatest common divisor of o and 56.
14
Let v(r) = -15*r + 203. Let y be v(25). Let p = 342 + y. What is the highest common factor of p and 30?
10
Suppose -4*f + 24 = 4. Suppose 3*y + 1 = -f. Let n be (2 + -5)*y/3. What is the greatest common divisor of n and 10?
2
Let q(r) = -r**2 - 3*r + 12. Let 